{"id":2,"date":"2014-12-31T09:42:48","date_gmt":"2014-12-31T17:42:48","guid":{"rendered":"http:\/\/www.dibucard.com\/video\/?page_id=2"},"modified":"2024-02-07T21:46:45","modified_gmt":"2024-02-08T05:46:45","slug":"sample-page","status":"publish","type":"page","link":"https:\/\/www.dibucard.com\/video\/","title":{"rendered":"DiBu VideoCard"},"content":{"rendered":"\t\t<div data-elementor-type=\"wp-page\" data-elementor-id=\"2\" class=\"elementor elementor-2\">\n\t\t\t\t\t\t<section class=\"elementor-section elementor-top-section elementor-element elementor-element-13754b94 elementor-section-boxed elementor-section-height-default elementor-section-height-default\" data-id=\"13754b94\" data-element_type=\"section\">\n\t\t\t\t\t\t<div class=\"elementor-container elementor-column-gap-default\">\n\t\t\t\t\t<div class=\"elementor-column elementor-col-100 elementor-top-column elementor-element elementor-element-766592ca\" data-id=\"766592ca\" data-element_type=\"column\">\n\t\t\t<div class=\"elementor-widget-wrap elementor-element-populated\">\n\t\t\t\t\t\t<div class=\"elementor-element elementor-element-6494ab72 elementor-widget elementor-widget-text-editor\" data-id=\"6494ab72\" data-element_type=\"widget\" data-widget_type=\"text-editor.default\">\n\t\t\t\t<div class=\"elementor-widget-container\">\n\t\t\t\t\t\t\t\n\t\t\t<div class=\"lvws_dpgl_new\"><div class=\"lvws_dpgl_new_inside\"><div class=\"lvws_dpgl_new_heading\">NEW ADVERTISERS<\/div>\n\t\t\t<div class=\"lvws_dpgl_new_content\"><table width=\"100%\" cellpadding=\"5\" cellspacing=\"0\"><tr><td width=\"20%\" valign=\"top\"><div class=\"lvws_dpgl_image\"><table width=\"100%\"><tr><td valign=\"middle\" align=\"center\"><div align=\"center\"><a href=\"https:\/\/www.dibucard.com\/video\/ad\/dibu-spark\/\"><img decoding=\"async\" width=\"190\" height=\"190\" src=\"https:\/\/www.dibucard.com\/video\/wp-content\/uploads\/sites\/15\/2021\/11\/blackhole-190x190.gif\" class=\"attachment-thumbnail size-thumbnail wp-post-image\" alt=\"\" srcset=\"https:\/\/www.dibucard.com\/video\/wp-content\/uploads\/sites\/15\/2021\/11\/blackhole-190x190.gif 190w, https:\/\/www.dibucard.com\/video\/wp-content\/uploads\/sites\/15\/2021\/11\/blackhole-360x360.gif 360w\" sizes=\"(max-width: 190px) 100vw, 190px\" \/><\/a><\/div><\/td><\/tr><\/table><\/div><div class=\"lvws_dpgl_details\"><a href=\"https:\/\/www.dibucard.com\/video\/ad\/dibu-spark\/\">DiBu Spark<\/a><div class=\"lvws_dpgl_excerpt\" style=\"max-width:120px\">Just do it!<\/div><\/div><\/td><td width=\"20%\" valign=\"top\"><div class=\"lvws_dpgl_image\"><table width=\"100%\"><tr><td valign=\"middle\" align=\"center\"><div align=\"center\"><a href=\"https:\/\/www.dibucard.com\/video\/ad\/7-earth-size-planets-2\/\"><img decoding=\"async\" width=\"150\" height=\"150\" src=\"https:\/\/www.dibucard.com\/video\/wp-content\/uploads\/sites\/15\/2017\/02\/7-earths-1-150x150.jpg\" class=\"attachment-thumbnail size-thumbnail wp-post-image\" alt=\"\" \/><\/a><\/div><\/td><\/tr><\/table><\/div><div class=\"lvws_dpgl_details\"><a href=\"https:\/\/www.dibucard.com\/video\/ad\/7-earth-size-planets-2\/\">7 Earth-Size Planets<\/a><div class=\"lvws_dpgl_excerpt\" style=\"max-width:120px\">7 Earth-Size Planets Orbit Dwarf Star, NASA and European Astronomers Say.<\/div><\/div><\/td><td width=\"20%\" valign=\"top\"><div class=\"lvws_dpgl_image\" align=\"center\"><a href=\"https:\/\/www.dibucard.com\/video\/ad\/rubiks-qube\/\">\n\t\t<iframe width=\"100%\" height=\"auto\" src=\"\/\/www.youtube.com\/embed\/83Bd746XZaw?rel=0\" frameborder=\"0\" allowfullscreen><\/iframe>\n\t\t\t\t<\/a><\/div><div class=\"lvws_dpgl_details\"><a href=\"https:\/\/www.dibucard.com\/video\/ad\/rubiks-qube\/\">Rubik&#8217;s QUBE<\/a><div class=\"lvws_dpgl_excerpt\" style=\"max-width:120px\">All speedcubing world records <\/div><\/div><\/td><td width=\"20%\" valign=\"top\"><div class=\"lvws_dpgl_image\" align=\"center\"><a href=\"https:\/\/www.dibucard.com\/video\/ad\/sustainability\/\">\n\t\t<iframe width=\"100%\" height=\"auto\" src=\"\/\/www.youtube.com\/embed\/B6RyBHG51VQ?rel=0\" frameborder=\"0\" allowfullscreen><\/iframe>\n\t\t\t\t<\/a><\/div><div class=\"lvws_dpgl_details\"><a href=\"https:\/\/www.dibucard.com\/video\/ad\/sustainability\/\">Sustainability<\/a><div class=\"lvws_dpgl_excerpt\" style=\"max-width:120px\">Definition of Sustainability &#8211; Automotive Plastics and Crumple Zones <\/div><\/div><\/td><td width=\"20%\" valign=\"top\"><div class=\"lvws_dpgl_image\" align=\"center\"><a href=\"https:\/\/www.dibucard.com\/video\/ad\/im-done\/\">\n\t\t<iframe width=\"100%\" height=\"auto\" src=\"\/\/www.youtube.com\/embed\/WJd4MEDCB2g?rel=0\" frameborder=\"0\" allowfullscreen><\/iframe>\n\t\t\t\t<\/a><\/div><div class=\"lvws_dpgl_details\"><a href=\"https:\/\/www.dibucard.com\/video\/ad\/im-done\/\">Hey&#8230; you!<\/a><div class=\"lvws_dpgl_excerpt\" style=\"max-width:120px\">I&#8217;m done&#8230;<\/div><\/div><\/td><\/tr><tr><td colspan=\"5\"><\/td><\/tr>\n\t\t<\/table><\/div>\n\t\t<\/div><\/div>\r\n<h6 style=\"text-align: center;\"><span style=\"color: #00ff00;\"><span style=\"color: #999999;\"><a style=\"color: #999999;\" title=\"About oxapediaMyVideo\" href=\"http:\/\/www.dibucard.com\/video\/about-oxapediamyvideo\/\">About oxapedia<em>MyVideo<\/em><\/a><\/span><em>&nbsp; &nbsp; &nbsp;<\/em><a style=\"color: #00ff00;\" title=\"About oxapediaMyVideo\" href=\"http:\/\/www.dibucard.com\/video\/about-oxapediamyvideo\/\"><em> &nbsp;<\/em><\/a><\/span>&nbsp; <span style=\"color: #999999;\"><a style=\"color: #999999;\" title=\"Getting Started\" href=\"http:\/\/www.dibucard.com\/video\/getting-started\/\">Getting<\/a><\/span><em><span style=\"color: #999999;\"><a style=\"color: #999999;\" title=\"Getting Started\" href=\"http:\/\/www.dibucard.com\/video\/getting-started\/\"> Started<\/a><\/span> &nbsp; &nbsp; &nbsp; &nbsp;<\/em> &nbsp;<span style=\"color: #999999;\"> <a style=\"color: #999999;\" title=\"Contact Us\" href=\"http:\/\/www.dibucard.com\/video\/contact-us\/\">Contact <em>Us<\/em><\/a><\/span>&nbsp; &nbsp; &nbsp; &nbsp;&nbsp; <span style=\"color: #999999;\"><a style=\"color: #999999;\" title=\"Terms &amp; Conditions\" href=\"http:\/\/www.dibucard.com\/video\/terms-conditions\/\">Rules &amp; <em>Regulations<\/em><\/a><\/span><\/h6>\r\n<h6 style=\"text-align: center;\"><span style=\"color: #00ffff;\">&#8212;&#8212;&#8212;&#8212;&#8212;&#8212;&#8212;&#8212;&#8212;&#8212;&#8212;&#8212;&#8212;&#8212;&#8212;&#8212;&#8212;&#8212;&#8212;&#8212;&#8212;&#8212;&#8212;&#8212;&#8212;&#8212;&#8212;&#8212;&#8212;&#8212;&#8212;&#8212;&#8212;&#8212;&#8212;&#8212;&#8212;&#8212;&#8212;&#8212;&#8212;&#8212;&#8212;&#8212;&#8212;<\/span><\/h6>\r\n<div id=\"bcdtbp_ads_list\">\n\t\t<div class=\"lvws_dpgl\">\n\t\t<p>Total results: 19<\/p>\n\t\t<table width=\"100%\" cellpadding=\"5\" cellspacing=\"0\"><tr><td width=\"25%\" valign=\"top\"><div class=\"lvws_dpgl_image\" align=\"center\"><a href=\"https:\/\/www.dibucard.com\/video\/ad\/audi-r8-vs-bikes\/\">\n\t\t<iframe width=\"100%\" height=\"\tauto\" src=\"\/\/www.youtube.com\/embed\/Y2HKBQMQmbw?rel=0\" frameborder=\"0\" allowfullscreen><\/iframe>\n\t\t\t\t<\/a><\/div><div class=\"lvws_dpgl_details\"><a href=\"https:\/\/www.dibucard.com\/video\/ad\/audi-r8-vs-bikes\/\">Audi R8 hunting the bikers.<\/a><div class=\"lvws_dpgl_excerpt\" style=\"max-width:150px\">The 280km\/h highway race. Audi R8 X vs. Kawasaki Ninja ZX10R X Suzuki GSXR1000 <\/div><\/div><\/td><td width=\"25%\" valign=\"top\"><div class=\"lvws_dpgl_image\"><table width=\"100%\"><tr><td valign=\"middle\" align=\"center\"><div align=\"center\"><a href=\"https:\/\/www.dibucard.com\/video\/ad\/help-piranhas\/\"><img decoding=\"async\" width=\"150\" height=\"150\" src=\"https:\/\/www.dibucard.com\/video\/wp-content\/uploads\/sites\/15\/2015\/01\/Phirania-150x150.jpg\" class=\"attachment-thumbnail size-thumbnail wp-post-image\" alt=\"\" \/><\/a><\/div><\/td><\/tr><\/table><\/div><div class=\"lvws_dpgl_details\"><a href=\"https:\/\/www.dibucard.com\/video\/ad\/help-piranhas\/\">HELP!!! Piranhas!!!<\/a><div class=\"lvws_dpgl_excerpt\" style=\"max-width:150px\">HELP!! Piranhas are eating the scuba diver!! <\/div><\/div><\/td><td width=\"25%\" valign=\"top\"><div class=\"lvws_dpgl_image\"><table width=\"100%\"><tr><td valign=\"middle\" align=\"center\"><div align=\"center\"><a href=\"https:\/\/www.dibucard.com\/video\/ad\/7-earth-size-planets-2\/\"><img decoding=\"async\" width=\"150\" height=\"150\" src=\"https:\/\/www.dibucard.com\/video\/wp-content\/uploads\/sites\/15\/2017\/02\/7-earths-1-150x150.jpg\" class=\"attachment-thumbnail size-thumbnail wp-post-image\" alt=\"\" \/><\/a><\/div><\/td><\/tr><\/table><\/div><div class=\"lvws_dpgl_details\"><a href=\"https:\/\/www.dibucard.com\/video\/ad\/7-earth-size-planets-2\/\">7 Earth-Size Planets<\/a><div class=\"lvws_dpgl_excerpt\" style=\"max-width:150px\">7 Earth-Size Planets Orbit Dwarf Star, NASA and European Astronomers Say.<\/div><\/div><\/td><td width=\"25%\" valign=\"top\"><div class=\"lvws_dpgl_image\" align=\"center\"><a href=\"https:\/\/www.dibucard.com\/video\/ad\/im-done\/\">\n\t\t<iframe width=\"100%\" height=\"\tauto\" src=\"\/\/www.youtube.com\/embed\/WJd4MEDCB2g?rel=0\" frameborder=\"0\" allowfullscreen><\/iframe>\n\t\t\t\t<\/a><\/div><div class=\"lvws_dpgl_details\"><a href=\"https:\/\/www.dibucard.com\/video\/ad\/im-done\/\">Hey&#8230; you!<\/a><div class=\"lvws_dpgl_excerpt\" style=\"max-width:150px\">I&#8217;m done&#8230;<\/div><\/div><\/td><\/tr><tr><td colspan=\"4\"><hr \/><\/td><\/tr><td width=\"25%\" valign=\"top\"><div class=\"lvws_dpgl_image\" align=\"center\"><a href=\"https:\/\/www.dibucard.com\/video\/ad\/sustainability\/\">\n\t\t<iframe width=\"100%\" height=\"\tauto\" src=\"\/\/www.youtube.com\/embed\/B6RyBHG51VQ?rel=0\" frameborder=\"0\" allowfullscreen><\/iframe>\n\t\t\t\t<\/a><\/div><div class=\"lvws_dpgl_details\"><a href=\"https:\/\/www.dibucard.com\/video\/ad\/sustainability\/\">Sustainability<\/a><div class=\"lvws_dpgl_excerpt\" style=\"max-width:150px\">Definition of Sustainability &#8211; Automotive Plastics and Crumple Zones <\/div><\/div><\/td><td width=\"25%\" valign=\"top\"><div class=\"lvws_dpgl_image\" align=\"center\"><a href=\"https:\/\/www.dibucard.com\/video\/ad\/bugatti-speed-test\/\">\n\t\t<iframe width=\"100%\" height=\"\tauto\" src=\"\/\/www.youtube.com\/embed\/LSFX9vrwJf8?rel=0\" frameborder=\"0\" allowfullscreen><\/iframe>\n\t\t\t\t<\/a><\/div><div class=\"lvws_dpgl_details\"><a href=\"https:\/\/www.dibucard.com\/video\/ad\/bugatti-speed-test\/\">Bugatti Speed Test<\/a><div class=\"lvws_dpgl_excerpt\" style=\"max-width:150px\">Bugatti Super Sport Speed Test &#8211; Top Gear &#8211; BBC <\/div><\/div><\/td><td width=\"25%\" valign=\"top\"><div class=\"lvws_dpgl_image\"><table width=\"100%\"><tr><td valign=\"middle\" align=\"center\"><div align=\"center\"><a href=\"https:\/\/www.dibucard.com\/video\/ad\/lavylites\/\"><img loading=\"lazy\" decoding=\"async\" width=\"150\" height=\"150\" src=\"https:\/\/www.dibucard.com\/video\/wp-content\/uploads\/sites\/15\/2015\/01\/Obraz1-150x150.png\" class=\"attachment-thumbnail size-thumbnail wp-post-image\" alt=\"\" \/><\/a><\/div><\/td><\/tr><\/table><\/div><div class=\"lvws_dpgl_details\"><a href=\"https:\/\/www.dibucard.com\/video\/ad\/lavylites\/\">Lavylites<\/a><div class=\"lvws_dpgl_excerpt\" style=\"max-width:150px\">LAVYLITES &#8211; FAST ANALGESIC, CELL REGENERATION<\/div><\/div><\/td><td width=\"25%\" valign=\"top\"><div class=\"lvws_dpgl_image\"><table width=\"100%\"><tr><td valign=\"middle\" align=\"center\"><div align=\"center\"><a href=\"https:\/\/www.dibucard.com\/video\/ad\/ocean\/\"><img loading=\"lazy\" decoding=\"async\" width=\"80\" height=\"76\" src=\"https:\/\/www.dibucard.com\/video\/wp-content\/uploads\/sites\/15\/2014\/12\/earth.jpg\" class=\"attachment-thumbnail size-thumbnail wp-post-image\" alt=\"\" \/><\/a><\/div><\/td><\/tr><\/table><\/div><div class=\"lvws_dpgl_details\"><a href=\"https:\/\/www.dibucard.com\/video\/ad\/ocean\/\">Ocean<\/a><div class=\"lvws_dpgl_excerpt\" style=\"max-width:150px\">Blue Ocea<\/div><\/div><\/td><\/tr><tr><td colspan=\"4\"><hr \/><\/td><\/tr><td width=\"25%\" valign=\"top\"><div class=\"lvws_dpgl_image\"><table width=\"100%\"><tr><td valign=\"middle\" align=\"center\"><div align=\"center\"><a href=\"https:\/\/www.dibucard.com\/video\/ad\/ooxaa-polska-prezentacja\/\"><img loading=\"lazy\" decoding=\"async\" width=\"1\" height=\"1\" src=\"https:\/\/www.dibucard.com\/video\/wp-content\/uploads\/sites\/15\/2015\/01\/oxapedia-twitter.jpg\" class=\"attachment-thumbnail size-thumbnail wp-post-image\" alt=\"\" \/><\/a><\/div><\/td><\/tr><\/table><\/div><div class=\"lvws_dpgl_details\"><a href=\"https:\/\/www.dibucard.com\/video\/ad\/ooxaa-polska-prezentacja\/\">OOxAA Polska prezentacja<\/a><div class=\"lvws_dpgl_excerpt\" style=\"max-width:150px\">OOxAA Polska PREZENTACJA &#8216;\u017by\u0107 pe\u0142ni\u0105 \u017bycia&#8217;<\/div><\/div><\/td><td width=\"25%\" valign=\"top\"><div class=\"lvws_dpgl_image\"><table width=\"100%\"><tr><td valign=\"middle\" align=\"center\"><div align=\"center\"><a href=\"https:\/\/www.dibucard.com\/video\/ad\/vegan-diet\/\"><img loading=\"lazy\" decoding=\"async\" width=\"150\" height=\"150\" src=\"https:\/\/www.dibucard.com\/video\/wp-content\/uploads\/sites\/15\/2015\/01\/cure-150x150.jpg\" class=\"attachment-thumbnail size-thumbnail wp-post-image\" alt=\"\" \/><\/a><\/div><\/td><\/tr><\/table><\/div><div class=\"lvws_dpgl_details\"><a href=\"https:\/\/www.dibucard.com\/video\/ad\/vegan-diet\/\">Vegan Diet cure<\/a><div class=\"lvws_dpgl_excerpt\" style=\"max-width:150px\">Colon Cancer no more with Surgery and Holistic Nutrition with Chris Wark<\/div><\/div><\/td><td width=\"25%\" valign=\"top\"><div class=\"lvws_dpgl_image\"><table width=\"100%\"><tr><td valign=\"middle\" align=\"center\"><div align=\"center\"><a href=\"https:\/\/www.dibucard.com\/video\/ad\/yosemite-park\/\"><img loading=\"lazy\" decoding=\"async\" width=\"150\" height=\"150\" src=\"https:\/\/www.dibucard.com\/video\/wp-content\/uploads\/sites\/15\/2014\/12\/Yosemite-L-150x150.jpg\" class=\"attachment-thumbnail size-thumbnail wp-post-image\" alt=\"\" \/><\/a><\/div><\/td><\/tr><\/table><\/div><div class=\"lvws_dpgl_details\"><a href=\"https:\/\/www.dibucard.com\/video\/ad\/yosemite-park\/\">Yosemite Park<\/a><div class=\"lvws_dpgl_excerpt\" style=\"max-width:150px\">Yosemite, California. Not just a great valley, but a shrine to human foresight, the strength of granite, the power of glaciers, the persistence of life, and the tranquility of the High Sierra.<\/div><\/div><\/td><td width=\"25%\" valign=\"top\"><div class=\"lvws_dpgl_image\"><table width=\"100%\"><tr><td valign=\"middle\" align=\"center\"><div align=\"center\"><a href=\"https:\/\/www.dibucard.com\/video\/ad\/5-funny-lessons\/\"><img loading=\"lazy\" decoding=\"async\" width=\"150\" height=\"150\" src=\"https:\/\/www.dibucard.com\/video\/wp-content\/uploads\/sites\/15\/2015\/01\/5-lessons-150x150.jpg\" class=\"attachment-thumbnail size-thumbnail wp-post-image\" alt=\"\" \/><\/a><\/div><\/td><\/tr><\/table><\/div><div class=\"lvws_dpgl_details\"><a href=\"https:\/\/www.dibucard.com\/video\/ad\/5-funny-lessons\/\">5 funny lessons<\/a><div class=\"lvws_dpgl_excerpt\" style=\"max-width:150px\">Five hilarious lessons women for men.<\/div><\/div><\/td><\/tr><tr><td colspan=\"4\"><hr \/><\/td><\/tr><td width=\"25%\" valign=\"top\"><div class=\"lvws_dpgl_image\" align=\"center\"><a href=\"https:\/\/www.dibucard.com\/video\/ad\/polska-vs-niemcy-wszystkie-gole-2014-10-11\/\">\n\t\t<iframe width=\"100%\" height=\"\tauto\" src=\"\/\/www.youtube.com\/embed\/OKq6ZAJqmps?rel=0\" frameborder=\"0\" allowfullscreen><\/iframe>\n\t\t\t\t<\/a><\/div><div class=\"lvws_dpgl_details\"><a href=\"https:\/\/www.dibucard.com\/video\/ad\/polska-vs-niemcy-wszystkie-gole-2014-10-11\/\">Polska vs Niemcy Wszystkie gole 2014-10-11<\/a><div class=\"lvws_dpgl_excerpt\" style=\"max-width:150px\">Polska vs Niemcy Wszystkie gole 2014-10-11<\/div><\/div><\/td><td width=\"25%\" valign=\"top\"><div class=\"lvws_dpgl_image\" align=\"center\"><a href=\"https:\/\/www.dibucard.com\/video\/ad\/rubiks-qube\/\">\n\t\t<iframe width=\"100%\" height=\"\tauto\" src=\"\/\/www.youtube.com\/embed\/83Bd746XZaw?rel=0\" frameborder=\"0\" allowfullscreen><\/iframe>\n\t\t\t\t<\/a><\/div><div class=\"lvws_dpgl_details\"><a href=\"https:\/\/www.dibucard.com\/video\/ad\/rubiks-qube\/\">Rubik&#8217;s QUBE<\/a><div class=\"lvws_dpgl_excerpt\" style=\"max-width:150px\">All speedcubing world records <\/div><\/div><\/td><td width=\"25%\" valign=\"top\"><div class=\"lvws_dpgl_image\" align=\"center\"><a href=\"https:\/\/www.dibucard.com\/video\/ad\/san-francisco\/\">\n\t\t<iframe width=\"100%\" height=\"\tauto\" src=\"\/\/www.youtube.com\/embed\/oi2o2r3Sgc0?rel=0\" frameborder=\"0\" allowfullscreen><\/iframe>\n\t\t\t\t<\/a><\/div><div class=\"lvws_dpgl_details\"><a href=\"https:\/\/www.dibucard.com\/video\/ad\/san-francisco\/\">San Francisco<\/a><div class=\"lvws_dpgl_excerpt\" style=\"max-width:150px\">San Francisco, California Travel Guide &#8211; Must-See Attractions <\/div><\/div><\/td><td width=\"25%\" valign=\"top\"><div class=\"lvws_dpgl_image\"><table width=\"100%\"><tr><td valign=\"middle\" align=\"center\"><div align=\"center\"><a href=\"https:\/\/www.dibucard.com\/video\/ad\/sierra-nevada\/\"><img loading=\"lazy\" decoding=\"async\" width=\"150\" height=\"150\" src=\"https:\/\/www.dibucard.com\/video\/wp-content\/uploads\/sites\/15\/2014\/12\/Sierra-Nevada-Mountains-150x150.jpg\" class=\"attachment-thumbnail size-thumbnail wp-post-image\" alt=\"\" \/><\/a><\/div><\/td><\/tr><\/table><\/div><div class=\"lvws_dpgl_details\"><a href=\"https:\/\/www.dibucard.com\/video\/ad\/sierra-nevada\/\">Sierra Nevada<\/a><div class=\"lvws_dpgl_excerpt\" style=\"max-width:150px\">Sierra Nevada Mountains Big Pine Lakes<\/div><\/div><\/td><\/tr><tr><td colspan=\"4\"><hr \/><\/td><\/tr><td width=\"25%\" valign=\"top\"><div class=\"lvws_dpgl_image\"><table width=\"100%\"><tr><td valign=\"middle\" align=\"center\"><div align=\"center\"><a href=\"https:\/\/www.dibucard.com\/video\/ad\/the-mini-metal-foundry\/\"><img loading=\"lazy\" decoding=\"async\" width=\"150\" height=\"150\" src=\"https:\/\/www.dibucard.com\/video\/wp-content\/uploads\/sites\/15\/2015\/01\/melting-150x150.jpg\" class=\"attachment-thumbnail size-thumbnail wp-post-image\" alt=\"\" srcset=\"https:\/\/www.dibucard.com\/video\/wp-content\/uploads\/sites\/15\/2015\/01\/melting-150x150.jpg 150w, https:\/\/www.dibucard.com\/video\/wp-content\/uploads\/sites\/15\/2015\/01\/melting-269x270.jpg 269w\" sizes=\"(max-width: 150px) 100vw, 150px\" \/><\/a><\/div><\/td><\/tr><\/table><\/div><div class=\"lvws_dpgl_details\"><a href=\"https:\/\/www.dibucard.com\/video\/ad\/the-mini-metal-foundry\/\">The Mini Metal Foundry<\/a><div class=\"lvws_dpgl_excerpt\" style=\"max-width:150px\">How to recycle scrap metal in the backyard, with a homemade, Mini Metal Foundry.<\/div><\/div><\/td><td width=\"25%\" valign=\"top\"><div class=\"lvws_dpgl_image\" align=\"center\"><a href=\"https:\/\/www.dibucard.com\/video\/ad\/worlds-fastest-roller-coaster\/\">\n\t\t<iframe width=\"100%\" height=\"\tauto\" src=\"\/\/www.youtube.com\/embed\/khRTNdEgZqg?rel=0\" frameborder=\"0\" allowfullscreen><\/iframe>\n\t\t\t\t<\/a><\/div><div class=\"lvws_dpgl_details\"><a href=\"https:\/\/www.dibucard.com\/video\/ad\/worlds-fastest-roller-coaster\/\">World&#8217;s Fastest Roller Coaster<\/a><div class=\"lvws_dpgl_excerpt\" style=\"max-width:150px\">Formula Rossa at Ferrari World Abu Dhabi.<\/div><\/div><\/td><td width=\"25%\" valign=\"top\"><div class=\"lvws_dpgl_image\"><table width=\"100%\"><tr><td valign=\"middle\" align=\"center\"><div align=\"center\"><a href=\"https:\/\/www.dibucard.com\/video\/ad\/dibu-spark\/\"><img decoding=\"async\" width=\"190\" height=\"190\" src=\"https:\/\/www.dibucard.com\/video\/wp-content\/uploads\/sites\/15\/2021\/11\/blackhole-190x190.gif\" class=\"attachment-thumbnail size-thumbnail wp-post-image\" alt=\"\" srcset=\"https:\/\/www.dibucard.com\/video\/wp-content\/uploads\/sites\/15\/2021\/11\/blackhole-190x190.gif 190w, https:\/\/www.dibucard.com\/video\/wp-content\/uploads\/sites\/15\/2021\/11\/blackhole-360x360.gif 360w\" sizes=\"(max-width: 190px) 100vw, 190px\" \/><\/a><\/div><\/td><\/tr><\/table><\/div><div class=\"lvws_dpgl_details\"><a href=\"https:\/\/www.dibucard.com\/video\/ad\/dibu-spark\/\">DiBu Spark<\/a><div class=\"lvws_dpgl_excerpt\" style=\"max-width:150px\">Just do it!<\/div><\/div><\/td>\n\t\t<\/table>\n\t\t<\/div><\/div>\t\t\t\t\t\t<\/div>\n\t\t\t\t<\/div>\n\t\t\t\t<div class=\"elementor-element elementor-element-fd8b472 elementor-widget elementor-widget-html\" data-id=\"fd8b472\" data-element_type=\"widget\" data-widget_type=\"html.default\">\n\t\t\t\t<div class=\"elementor-widget-container\">\n\t\t\thttps:\/\/casino.guru\/embedGame?identifier=015c0db5-b75b-44ee-87f9-b9c5067a4d41\t\t<\/div>\n\t\t\t\t<\/div>\n\t\t\t\t<div class=\"elementor-element elementor-element-7bfb5de elementor-widget elementor-widget-shortcode\" data-id=\"7bfb5de\" data-element_type=\"widget\" data-widget_type=\"shortcode.default\">\n\t\t\t\t<div class=\"elementor-widget-container\">\n\t\t\t\t\t<div class=\"elementor-shortcode\">https:\/\/casino.guru\/embedGame?identifier=015c0db5-b75b-44ee-87f9-b9c5067a4d41<\/div>\n\t\t\t\t<\/div>\n\t\t\t\t<\/div>\n\t\t\t\t\t<\/div>\n\t\t<\/div>\n\t\t\t\t\t<\/div>\n\t\t<\/section>\n\t\t\t\t<\/div>\n\t\t","protected":false},"excerpt":{"rendered":"<p>About oxapediaMyVideo&nbsp; &nbsp; &nbsp; &nbsp;&nbsp; Getting Started &nbsp; &nbsp; &nbsp; &nbsp; &nbsp; Contact Us&nbsp; &nbsp; &nbsp; &nbsp;&nbsp; Rules &amp; Regulations &#8212;&#8212;&#8212;&#8212;&#8212;&#8212;&#8212;&#8212;&#8212;&#8212;&#8212;&#8212;&#8212;&#8212;&#8212;&#8212;&#8212;&#8212;&#8212;&#8212;&#8212;&#8212;&#8212;&#8212;&#8212;&#8212;&#8212;&#8212;&#8212;&#8212;&#8212;&#8212;&#8212;&#8212;&#8212;&#8212;&#8212;&#8212;&#8212;&#8212;&#8212;&#8212;&#8212;&#8212;&#8212; https:\/\/casino.guru\/embedGame?identifier=015c0db5-b75b-44ee-87f9-b9c5067a4d41 https:\/\/casino.guru\/embedGame?identifier=015c0db5-b75b-44ee-87f9-b9c5067a4d41<\/p>\n","protected":false},"author":714,"featured_media":0,"parent":0,"menu_order":0,"comment_status":"closed","ping_status":"closed","template":"","meta":{"ngg_post_thumbnail":0,"footnotes":""},"_links":{"self":[{"href":"https:\/\/www.dibucard.com\/video\/wp-json\/wp\/v2\/pages\/2"}],"collection":[{"href":"https:\/\/www.dibucard.com\/video\/wp-json\/wp\/v2\/pages"}],"about":[{"href":"https:\/\/www.dibucard.com\/video\/wp-json\/wp\/v2\/types\/page"}],"author":[{"embeddable":true,"href":"https:\/\/www.dibucard.com\/video\/wp-json\/wp\/v2\/users\/714"}],"replies":[{"embeddable":true,"href":"https:\/\/www.dibucard.com\/video\/wp-json\/wp\/v2\/comments?post=2"}],"version-history":[{"count":28,"href":"https:\/\/www.dibucard.com\/video\/wp-json\/wp\/v2\/pages\/2\/revisions"}],"predecessor-version":[{"id":489,"href":"https:\/\/www.dibucard.com\/video\/wp-json\/wp\/v2\/pages\/2\/revisions\/489"}],"wp:attachment":[{"href":"https:\/\/www.dibucard.com\/video\/wp-json\/wp\/v2\/media?parent=2"}],"curies":[{"name":"wp","href":"https:\/\/api.w.org\/{rel}","templated":true}]}}