{"id":761,"date":"2020-11-18T01:58:04","date_gmt":"2020-11-18T01:58:04","guid":{"rendered":"https:\/\/www.dibucard.com\/dbcd\/?page_id=761"},"modified":"2020-11-18T01:59:43","modified_gmt":"2020-11-18T01:59:43","slug":"datenschutz-bestimmungen","status":"publish","type":"page","link":"https:\/\/www.dibucard.com\/dbcd\/datenschutz-bestimmungen\/","title":{"rendered":"Datenschutz-Bestimmungen"},"content":{"rendered":"\t\t<div data-elementor-type=\"wp-page\" data-elementor-id=\"761\" class=\"elementor elementor-761\">\n\t\t\t\t\t\t<section class=\"elementor-section elementor-top-section elementor-element elementor-element-8cd0bae elementor-section-boxed elementor-section-height-default elementor-section-height-default\" data-id=\"8cd0bae\" data-element_type=\"section\">\n\t\t\t\t\t\t<div class=\"elementor-container elementor-column-gap-default\">\n\t\t\t\t\t<div class=\"elementor-column elementor-col-100 elementor-top-column elementor-element elementor-element-a827602\" data-id=\"a827602\" data-element_type=\"column\" data-settings=\"{&quot;background_background&quot;:&quot;classic&quot;}\">\n\t\t\t<div class=\"elementor-widget-wrap elementor-element-populated\">\n\t\t\t\t\t\t<div class=\"elementor-element elementor-element-f668ada elementor-widget elementor-widget-text-editor\" data-id=\"f668ada\" data-element_type=\"widget\" data-widget_type=\"text-editor.default\">\n\t\t\t\t<div class=\"elementor-widget-container\">\n\t\t\t\t\t\t\t<p><span style=\"color: #000000;\">EUROPA-BEWOHNER: DATENSCHUTZRECHTE UND INTERNATIONALE DATEN\u00dcBERTRAGUNG<\/span><\/p><p><span style=\"color: #000000;\">Wenn Sie in Europa ans\u00e4ssig sind, haben Sie das Recht, auf Ihre pers\u00f6nlichen Daten zuzugreifen und deren Berichtigung, Aktualisierung oder L\u00f6schung zu verlangen. Sie k\u00f6nnen der Verarbeitung Ihrer personenbezogenen Daten widersprechen, uns auffordern, die Verarbeitung Ihrer personenbezogenen Daten einzuschr\u00e4nken und die \u00dcbermittlung Ihrer personenbezogenen Daten zu beantragen. Ebenso k\u00f6nnen Sie Ihre Einwilligung jederzeit widerrufen, wenn wir Ihre personenbezogenen Daten mit Ihrer Zustimmung erhoben und verarbeitet haben. Der Widerruf der Einwilligung hat keinen Einfluss auf die Rechtm\u00e4\u00dfigkeit der Verarbeitung, die wir vor dem Widerruf vorgenommen haben, oder auf die Verarbeitung Ihrer personenbezogenen Daten auf einer anderen Rechtsgrundlage als der Einwilligung. Der Service bietet im Allgemeinen angemessene M\u00f6glichkeiten zum Anzeigen und \u00c4ndern Ihrer Profilinformationen. Sie k\u00f6nnen den Empfang von Marketingmitteilungen jederzeit abbestellen, indem Sie in den von uns gesendeten Marketing-E-Mails oder in Ihren Kontoeinstellungen auf den Link &#8220;Abbestellen&#8221; oder &#8220;Abbestellen&#8221; klicken. Wenn Sie Fragen oder Kommentare zur Verarbeitung Ihrer pers\u00f6nlichen Daten haben, k\u00f6nnen Sie uns \u00fcber die E-Mail-Adresse dibucard@usa.com kontaktieren. Bitte beachten Sie, dass DiBuCard International LLC, eine in den Vereinigten Staaten von Amerika, Nevada, gegr\u00fcndete und t\u00e4tige Gesellschaft mit beschr\u00e4nkter Haftung, f\u00fcr den Schutz Ihrer personenbezogenen Daten im Zusammenhang mit dem DiBuCard.com-Dienst verantwortlich ist, wenn Sie in Europa ans\u00e4ssig sind.<\/span><\/p><p><span style=\"color: #000000;\">F\u00fcr in Europa ans\u00e4ssige Personen beachten Sie bitte, dass die pers\u00f6nlichen Daten, die wir von oder \u00fcber Sie erhalten, au\u00dferhalb des EWR in der Schweiz zu den in dieser Datenschutzrichtlinie beschriebenen Zwecken, einschlie\u00dflich in den USA, \u00fcbertragen, verarbeitet und gespeichert werden k\u00f6nnen. Wir nehmen die Privatsph\u00e4re unserer Benutzer ernst und ergreifen daher Ma\u00dfnahmen zum Schutz Ihrer Daten, einschlie\u00dflich der Gew\u00e4hrleistung eines angemessenen Datenschutzniveaus gem\u00e4\u00df den heute geltenden EU-Standards. Diese Schritte umfassen die Verwendung von Standards, die von der Europ\u00e4ischen Kommission f\u00fcr die \u00dcbermittlung personenbezogener Daten gem\u00e4\u00df den Datenschutzbestimmungen der Europ\u00e4ischen Union festgelegt wurden.<\/span><\/p><p><span style=\"color: #000000;\">Um die gesamte Datenschutzerkl\u00e4rung zu lesen, <a style=\"color: #000000;\" href=\"https:\/\/www.dibucard.com\/privacy\/\" target=\"_blank\" rel=\"noopener\">klicken Sie bitte hier.<\/a><\/span><\/p>\t\t\t\t\t\t<\/div>\n\t\t\t\t<\/div>\n\t\t\t\t\t<\/div>\n\t\t<\/div>\n\t\t\t\t\t<\/div>\n\t\t<\/section>\n\t\t\t\t<\/div>\n\t\t","protected":false},"excerpt":{"rendered":"<p>EUROPA-BEWOHNER: DATENSCHUTZRECHTE UND INTERNATIONALE DATEN\u00dcBERTRAGUNG Wenn Sie in Europa ans\u00e4ssig sind, haben Sie das Recht, auf Ihre pers\u00f6nlichen Daten zuzugreifen und deren Berichtigung, Aktualisierung oder L\u00f6schung zu verlangen. Sie k\u00f6nnen der Verarbeitung Ihrer personenbezogenen Daten widersprechen, uns auffordern, die Verarbeitung Ihrer personenbezogenen Daten einzuschr\u00e4nken und die \u00dcbermittlung Ihrer personenbezogenen Daten zu beantragen. Ebenso k\u00f6nnen Sie [&hellip;]<\/p>\n","protected":false},"author":102,"featured_media":0,"parent":0,"menu_order":0,"comment_status":"closed","ping_status":"closed","template":"","meta":{"ngg_post_thumbnail":0,"footnotes":""},"_links":{"self":[{"href":"https:\/\/www.dibucard.com\/dbcd\/wp-json\/wp\/v2\/pages\/761"}],"collection":[{"href":"https:\/\/www.dibucard.com\/dbcd\/wp-json\/wp\/v2\/pages"}],"about":[{"href":"https:\/\/www.dibucard.com\/dbcd\/wp-json\/wp\/v2\/types\/page"}],"author":[{"embeddable":true,"href":"https:\/\/www.dibucard.com\/dbcd\/wp-json\/wp\/v2\/users\/102"}],"replies":[{"embeddable":true,"href":"https:\/\/www.dibucard.com\/dbcd\/wp-json\/wp\/v2\/comments?post=761"}],"version-history":[{"count":2,"href":"https:\/\/www.dibucard.com\/dbcd\/wp-json\/wp\/v2\/pages\/761\/revisions"}],"predecessor-version":[{"id":763,"href":"https:\/\/www.dibucard.com\/dbcd\/wp-json\/wp\/v2\/pages\/761\/revisions\/763"}],"wp:attachment":[{"href":"https:\/\/www.dibucard.com\/dbcd\/wp-json\/wp\/v2\/media?parent=761"}],"curies":[{"name":"wp","href":"https:\/\/api.w.org\/{rel}","templated":true}]}}