{"id":66,"date":"2017-12-24T18:47:11","date_gmt":"2017-12-24T18:47:11","guid":{"rendered":"https:\/\/www.dibucard.com\/dbcd\/?page_id=66"},"modified":"2020-10-22T15:37:03","modified_gmt":"2020-10-22T15:37:03","slug":"ueber-uns","status":"publish","type":"page","link":"https:\/\/www.dibucard.com\/dbcd\/ueber-uns\/","title":{"rendered":"\u00dcber uns"},"content":{"rendered":"\t\t<div data-elementor-type=\"wp-page\" data-elementor-id=\"66\" class=\"elementor elementor-66\">\n\t\t\t\t\t\t<section class=\"elementor-section elementor-top-section elementor-element elementor-element-116ea4b3 elementor-section-boxed elementor-section-height-default elementor-section-height-default\" data-id=\"116ea4b3\" data-element_type=\"section\">\n\t\t\t\t\t\t<div class=\"elementor-container elementor-column-gap-default\">\n\t\t\t\t\t<div class=\"elementor-column elementor-col-100 elementor-top-column elementor-element elementor-element-5568f63f\" data-id=\"5568f63f\" data-element_type=\"column\">\n\t\t\t<div class=\"elementor-widget-wrap elementor-element-populated\">\n\t\t\t\t\t\t<div class=\"elementor-element elementor-element-38d0bb6f elementor-widget elementor-widget-text-editor\" data-id=\"38d0bb6f\" data-element_type=\"widget\" data-widget_type=\"text-editor.default\">\n\t\t\t\t<div class=\"elementor-widget-container\">\n\t\t\t\t\t\t\t<span id=\"result_box\" lang=\"de\" style=\"font-size: 14pt;\"><span style=\"color: #ccffff;\"><strong>VIP-Karte oder Virtual Intelligent Profile.<\/strong><\/span><\/span>\n\n<span style=\"color: #99ccff; font-size: 14pt;\"><span id=\"result_box\" lang=\"de\">Die virtuelle Smart-Profilkarte von DiBuCard wurde speziell f\u00fcr den modernen Informationsaustausch mit Kunden entwickelt, was bisher nicht m\u00f6glich war. Mit anderen Worten, es ist ein virtuelles Profil Ihres Unternehmens oder Ihres Personals, das Sie st\u00e4ndig aktualisieren, \u00e4ndern und verbessern k\u00f6nnen. Mit einer VIP-Karte k\u00f6nnen Sie jederzeit und f\u00fcr jedermann Informationen \u00fcber Ihr Unternehmen \u00fcbermitteln. Sie k\u00f6nnen Tausende von Meilen in einem Bruchteil einer Sekunde zur\u00fccklegen, damit Sie sie mit potenziellen Kunden austauschen k\u00f6nnen. Dies spart Ihnen Zeit und Geld, die Sie f\u00fcr die Entwicklung und den Betrieb Ihres Unternehmens ausgeben k\u00f6nnen.<\/span><\/span>\n\n<span style=\"color: #99ccff; font-size: 14pt;\">Eine virtuelle Smart-Profilkarte mit DiBuCard ist die Zukunft, und wenn Sie sie heute besitzen, wird Ihr Unternehmen der Konkurrenz einen Schritt voraus sein und neue Gebiete erobern, bevor Ihre Konkurrenten dorthin kommen. Es wurde von solchen Unternehmern wie Sie f\u00fcr Unternehmer wie Sie geschaffen, weil wir verstehen, wie wichtig in der heutigen Gesch\u00e4ftswelt Werkzeuge sind, die es uns erm\u00f6glichen, zu gewinnen.<\/span>\t\t\t\t\t\t<\/div>\n\t\t\t\t<\/div>\n\t\t\t\t\t<\/div>\n\t\t<\/div>\n\t\t\t\t\t<\/div>\n\t\t<\/section>\n\t\t\t\t<section class=\"elementor-section elementor-top-section elementor-element elementor-element-a99d806 elementor-section-boxed elementor-section-height-default elementor-section-height-default\" data-id=\"a99d806\" data-element_type=\"section\">\n\t\t\t\t\t\t<div class=\"elementor-container elementor-column-gap-default\">\n\t\t\t\t\t<div class=\"elementor-column elementor-col-100 elementor-top-column elementor-element elementor-element-99d0bc3\" data-id=\"99d0bc3\" data-element_type=\"column\">\n\t\t\t<div class=\"elementor-widget-wrap elementor-element-populated\">\n\t\t\t\t\t\t<div class=\"elementor-element elementor-element-cb8eb3f elementor-widget elementor-widget-text-editor\" data-id=\"cb8eb3f\" data-element_type=\"widget\" data-widget_type=\"text-editor.default\">\n\t\t\t\t<div class=\"elementor-widget-container\">\n\t\t\t\t\t\t\t<p><span style=\"color: #99ccff; font-size: 14pt;\"><span style=\"color: #ff9900;\">Um DiBuCard zu kontaktieren<\/span> <span style=\"color: #ffff99;\"><a style=\"color: #ffff99;\" href=\"https:\/\/www.dibucard.com\/contact-us\/\" target=\"_blank\" rel=\"noopener\">klicken Sie bitte hier<\/a><\/span><\/span><\/p>\t\t\t\t\t\t<\/div>\n\t\t\t\t<\/div>\n\t\t\t\t\t<\/div>\n\t\t<\/div>\n\t\t\t\t\t<\/div>\n\t\t<\/section>\n\t\t\t\t<\/div>\n\t\t","protected":false},"excerpt":{"rendered":"<p>VIP-Karte oder Virtual Intelligent Profile. Die virtuelle Smart-Profilkarte von DiBuCard wurde speziell f\u00fcr den modernen Informationsaustausch mit Kunden entwickelt, was bisher nicht m\u00f6glich war. Mit anderen Worten, es ist ein virtuelles Profil Ihres Unternehmens oder Ihres Personals, das Sie st\u00e4ndig aktualisieren, \u00e4ndern und verbessern k\u00f6nnen. Mit einer VIP-Karte k\u00f6nnen Sie jederzeit und f\u00fcr jedermann Informationen [&hellip;]<\/p>\n","protected":false},"author":102,"featured_media":0,"parent":0,"menu_order":0,"comment_status":"closed","ping_status":"closed","template":"","meta":{"ngg_post_thumbnail":0,"footnotes":""},"_links":{"self":[{"href":"https:\/\/www.dibucard.com\/dbcd\/wp-json\/wp\/v2\/pages\/66"}],"collection":[{"href":"https:\/\/www.dibucard.com\/dbcd\/wp-json\/wp\/v2\/pages"}],"about":[{"href":"https:\/\/www.dibucard.com\/dbcd\/wp-json\/wp\/v2\/types\/page"}],"author":[{"embeddable":true,"href":"https:\/\/www.dibucard.com\/dbcd\/wp-json\/wp\/v2\/users\/102"}],"replies":[{"embeddable":true,"href":"https:\/\/www.dibucard.com\/dbcd\/wp-json\/wp\/v2\/comments?post=66"}],"version-history":[{"count":6,"href":"https:\/\/www.dibucard.com\/dbcd\/wp-json\/wp\/v2\/pages\/66\/revisions"}],"predecessor-version":[{"id":207,"href":"https:\/\/www.dibucard.com\/dbcd\/wp-json\/wp\/v2\/pages\/66\/revisions\/207"}],"wp:attachment":[{"href":"https:\/\/www.dibucard.com\/dbcd\/wp-json\/wp\/v2\/media?parent=66"}],"curies":[{"name":"wp","href":"https:\/\/api.w.org\/{rel}","templated":true}]}}